mposite number?
True
Is 13357630049 composite?
False
Is 11894985194 a composite number?
True
Is 490623103 a prime number?
True
Is 5511274303 a composite number?
False
Is 831055331 a prime number?
False
Is 33451920941 a composite number?
False
Is 172710121 a composite number?
True
Is 392980057 prime?
False
Is 103319023 composite?
False
Is 124746877 a composite number?
False
Is 19251891515 prime?
False
Is 3022321339 a composite number?
False
Is 7569842047 a composite number?
False
Is 268560359 composite?
False
Is 7640340139 a prime number?
True
Is 3423021727 a composite number?
False
Is 56570441 composite?
True
Is 12337841 prime?
False
Is 5452943893 a prime number?
False
Is 2512702411 prime?
False
Is 59444769547 composite?
True
Is 1576626673 prime?
False
Is 915649871 prime?
True
Is 342356423 composite?
True
Is 78133749289 prime?
True
Is 13005359 a prime number?
True
Is 10000850395 prime?
False
Is 666193667 composite?
False
Is 978950081 a composite number?
True
Is 4143399173 composite?
True
Is 2448215723 a prime number?
False
Is 6372475643 a composite number?
True
Is 338814349 prime?
True
Is 551542919 composite?
False
Is 9309053482 a prime number?
False
Is 1732245127 a prime number?
True
Is 78199867 a composite number?
True
Is 53675689213 prime?
False
Is 1224719519 a composite number?
False
Is 157917041 a prime number?
True
Is 471658279 prime?
True
Is 7886184181 composite?
True
Is 4703679821 a composite number?
False
Is 1787092601 a prime number?
False
Is 98172348103 composite?
True
Is 4760316607 a composite number?
True
Is 4066499887 composite?
True
Is 92575741 prime?
True
Is 455876219 prime?
False
Is 1276880147 a composite number?
False
Is 183363057229 prime?
False
Is 84758694127 a prime number?
False
Is 519944701 composite?
True
Is 8214922181 a composite number?
False
Is 37999882087 a prime number?
True
Is 50175923703 prime?
False
Is 20843705303 a composite number?
False
Is 3718710349 a prime number?
True
Is 395905733 composite?
True
Is 139981271 composite?
False
Is 6549660379 a composite number?
True
Is 4576230159 prime?
False
Is 18727611481 a prime number?
True
Is 12679677481 composite?
True
Is 13684201781 a prime number?
False
Is 5602150061 prime?
True
Is 5040877735 a composite number?
True
Is 8530360073 composite?
False
Is 204163470829 a composite number?
True
Is 19121819 a prime number?
False
Is 658253657 prime?
False
Is 49132357 a composite number?
True
Is 973574279 a prime number?
False
Is 4702594627 composite?
False
Is 757064261 a prime number?
False
Is 644824373 prime?
True
Is 143136041 composite?
False
Is 1311884573 a composite number?
False
Is 4384245517 composite?
False
Is 9351008929 a prime number?
False
Is 16717481167 prime?
True
Is 25000445357 prime?
True
Is 5819085367 a composite number?
False
Is 36557547583 prime?
True
Is 452920723 composite?
False
Is 7685065057 composite?
True
Is 2856347119 composite?
True
Is 3635043983 composite?
True
Is 268048171 composite?
True
Is 8617252079 prime?
False
Is 7369131839 a composite number?
False
Is 1704220997 prime?
True
Is 1690925113 a composite number?
True
Is 12377973097 a composite number?
True
Is 289827269 a prime number?
True
Is 1788750037 composite?
False
Is 141041059 a composite number?
True
Is 27693862159 prime?
False
Is 6179062501 composite?
False
Is 1166437947 prime?
False
Is 3847053817 a prime number?
False
Is 29241362797 composite?
True
Is 5136251881 prime?
True
Is 172277263 composite?
True
Is 1116418351 a prime number?
True
Is 14571356071 a composite number?
False
Is 10910183 a prime number?
False
Is 22200067943 a composite number?
False
Is 2684931281 a composite number?
False
Is 364956377 a composite number?
False
Is 171781663 a composite number?
True
Is 2985148427 a prime number?
False
Is 18181946501 a composite number?
False
Is 46121521987 composite?
False
Is 150437881817 composite?
False
Is 12986760691 a composite number?
True
Is 1326988577 a prime number?
True
Is 28410511319 prime?
False
Is 2104062133 prime?
False
Is 10876702033 a prime number?
False
Is 3155325819 a prime number?
False
Is 11402712709 prime?
False
Is 4326770179 prime?
True
Is 34194550178 composite?
True
Is 3453938623 prime?
True
Is 570854789 a composite number?
False
Is 8696435789 prime?
False
Is 8766624973 a prime number?
True
Is 78488400103 composite?
False
Is 60918000293 composite?
True
Is 50259729895 composite?
True
Is 2799458071 a prime number?
True
Is 1313527927 a prime number?
False
Is 138468857 prime?
True
Is 3413626759 prime?
False
Is 68721615101 a composite number?
False
Is 754833679 prime?
True
Is 1156929773 a composite number?
False
Is 446205209 composite?
False
Is 21067132711 prime?
True
Is 927403111 a prime number?
True
Is 1003606477 composite?
False
Is 5021627893 prime?
True
Is 61407085603 composite?
False
Is 2142871303 a prime number?
True
Is 191389161 a composite number?
True
Is 33796342603 a prime number?
False
Is 724043737 a composite number?
True
Is 44478856243 composite?
False
Is 2698466033 a prime number?
True
Is 90995863 composite?
True
Is 1521764989 composite?
False
Is 478135769 composite?
False
Is 631106837 prime?
False
Is 16836079969 a prime number?
True
Is 8052273863 composite?
False
Is 329082419 prime?
True
Is 5233723471 a composite number?
True
Is 572686249 prime?
False
Is 13612125001 composite?
False
Is 1507502721 a composite number?
True
Is 23387394179 prime?
True
Is 1816632341 a prime number?
False
Is 18920121301 a composite number?
False
Is 1570926649 a prime number?
False
Is 13562308169 a prime number?
False
Is 706659493 a prime number?
True
Is 104405859601 prime?
False
Is 579200033 a composite number?
True
Is 112272057697 a composite number?
False
Is 18363500021 composite?
True
Is 82122041527 a composite number?
True
Is 35344741 a prime number?
False
Is 64817883334 composite?
True
Is 2933831651 composite?
False
Is 520769177 a prime number?
False
Is 39463297 prime?
False
Is 52217132962 a composite number?
True
Is 112321037 a composite number?
False
Is 830214211 prime?
True
Is 91091040361 a prime number?
True
Is 2390905303 composite?
False
Is 47824093689 prime?
False
Is 7082224153 a composite number?
True
Is 1064370983 prime?
False
Is 23002002899 a prime number?
False
Is 20400370343 prime?
True
Is 568087313 a composite number?
False
Is 122790683 a prime number?
True
Is 1389034823 a prime number?
False
Is 1940584573 a prime number?
False
Is 196013849 a composite number?
False
Is 483563227 prime?
False
Is 11089812649 composite?
False
Is 1790251387 composite?
False
Is 22133064587 composite?
False
Is 100112401 prime?
True
Is 6530576681 a composite number?
False
Is 272109157 a composite number?
True
Is 71231822933 prime?
True
Is 452207759 a prime number?
False
Is 1589815753 composite?
True
Is 11926696211 a composite number?
False
Is 14374052471 a prime number?
True
Is 1360088677 a prime number?
False
Is 737438677 prime?
False
Is 482659745 composite?
True
Is 5298617179 composite?
False
Is 764075167 composite?
True
Is 14544950881 composite?
True
Is 8087990459 a prime number?
False
Is 434279563 composite?
True
Is 4912130737 composite?
False
Is 603169481 a prime number?
True
Is 8758276522 a composite number?
True
Is 99413644061 a prime number?
True
Is 990666818 composite?
True
Is 321613318129 composite?
True
Is 503021909443 a composite number?
False
Is 3298468969 prime?
True
Is 223933751 a composite number?
True
Is 62607456767 composite?
True
Is 9548962873 composite?
False
Is 3498912049 a prime number?
False
Is 4649576227 composite?
False
Is 2518624169 composite?
True
Is 75581447 composite?
False
Is 4482427283 composite?
False
Is 41728937 prime?
True
Is 794323661 a composite number?
False
Is 8915640179 a prime number?
True
Is 1839183079 prime?
True
Is 1026182219 prime?
True
Is 11815621993 a composite number?
True
Is 24330863 a composite number?
False
Is 1709965169 a prime number?
False
Is 11838341821 a composite number?
True
Is 1714067909 a prime number?
True
Is 19286288971 prime?
False
Is 885954649 a composite number?
True
Is 171194661437 a composite number?
False
Is 298978579 a prime number?
True
Is 2322073541 a prime number?
False
Is 131170511309 prime?
True
Is 2197526713 a composite number?
True
Is 30935640529 composite?
False
Is 62866836191 a composite number?
False
Is 1222